*l**2 + 35*l + 104. Calculate a(-3).
-55
Let h(x) = -3*x**2 + 1427*x - 1427. Determine h(1).
-3
Let n(l) = -220*l - 4440. Determine n(-20).
-40
Let r(x) = -9*x**2 + 13*x - 22. Determine r(2).
-32
Let d(h) = -h**3 - 66*h**2 - 173*h - 2883. Calculate d(-64).
-3
Let i(x) = 5*x**3 + 28*x**2 + x. Give i(-5).
70
Let j(u) = u**2 + 22*u - 308. Give j(-22).
-308
Let w(y) = -y**3 - 7*y**2 + 27*y + 181. Determine w(-8).
29
Let x(f) = -6*f**2 - 13*f + 2. What is x(-2)?
4
Let b(c) = -9*c**2 + 5*c + 33. What is b(3)?
-33
Let x(k) = 6*k**3 + 4*k**2 + 5*k + 1. What is x(-1)?
-6
Let m(g) = 2*g**3 - 26*g**2 - 19*g - 109. Determine m(14).
17
Let m(s) = 9*s - 216. Calculate m(19).
-45
Let o(i) = -i**2 + 21*i + 617. What is o(28)?
421
Let f(m) = -m**3 + 17*m**2 + 35*m - 39. What is f(19)?
-96
Let c(o) = -o**2 - 1685*o - 10035. What is c(-6)?
39
Let w(v) = v**3 + 20*v**2 + 94*v + 21. What is w(-7)?
0
Let l(u) = 102*u + 2240. Give l(-22).
-4
Let g(t) = t**3 - 11*t**2 + 10*t + 27. What is g(6)?
-93
Let s(l) = -38*l - 162. What is s(-4)?
-10
Let h(t) = 7*t**2 - 190*t + 1608. Determine h(9).
465
Let k(a) = -2*a**3 - 2*a**2 + a - 5. Calculate k(-2).
1
Let b(k) = 128*k - 53. Calculate b(4).
459
Let a(x) = 84*x + 4698. Calculate a(-56).
-6
Let k(v) = 4*v + 67. Calculate k(-20).
-13
Let k(z) = 12*z - 118. Determine k(11).
14
Let s(m) = -4*m**2 - 16*m - 11. Calculate s(-8).
-139
Let u(q) = -4*q + 158. Calculate u(12).
110
Let b(y) = -y**3 + 23*y**2 + 18*y + 104. Give b(24).
-40
Let h(n) = n**3 + 60*n**2 + 224*n - 11. What is h(-56)?
-11
Let s(u) = 15*u - 511. Determine s(36).
29
Let x(g) = -6*g**2 + 45*g + 111. Determine x(9).
30
Let i(f) = -10*f**2 - 26*f + 68. What is i(7)?
-604
Let v(w) = -w**3 - 29*w**2 - 42*w - 377. Give v(-28).
15
Let q(t) = -25*t**2 - 4*t - 13. What is q(-5)?
-618
Let c(s) = s**3 + 149*s**2 + 4067*s - 103. Calculate c(-113).
10
Let t(o) = 18*o**2 - 38. What is t(1)?
-20
Let v(b) = 4*b**2 - 73*b - 466. Determine v(-6).
116
Let t(n) = n**2 - 16*n + 86. What is t(21)?
191
Let o(d) = -d**3 + 26*d**2 - 58*d + 65. Give o(24).
-175
Let g(u) = -3*u**2 + 251*u - 252. What is g(1)?
-4
Let z(o) = 26*o - 651. What is z(26)?
25
Let t(u) = -2*u**2 + 164*u - 2438. Calculate t(15).
-428
Let g(f) = 1532*f + 61279. Calculate g(-40).
-1
Let g(q) = 72*q**2 - 582*q + 18. Give g(8).
-30
Let m(z) = -7*z**2 - 32*z + 11. What is m(-4)?
27
Let u(o) = -11*o**2 + 934*o + 148. Determine u(85).
63
Let o(g) = -g**2 - 17*g + 50. Give o(9).
-184
Let o(m) = 6*m**2 + 4*m - 1401. Determine o(15).
9
Let u(h) = -164*h - 1862. Calculate u(-16).
762
Let r(t) = -7*t**2 - 28*t + 65. Give r(2).
-19
Let j(h) = -2*h**3 - 2*h**2 - 24*h - 74. Give j(-3).
34
Let d(o) = -o**2 + 28*o + 209. Calculate d(34).
5
Let b(s) = 2*s**2 + 1081*s + 146028. What is b(-275)?
3
Let r(u) = -16*u**2 - 1475*u + 9424. Give r(6).
-2
Let s(z) = -274*z - 14110. What is s(-51)?
-136
Let i(b) = -27*b - 421. Give i(-15).
-16
Let i(j) = 2*j**2 - 165*j - 3143. Calculate i(-16).
9
Let i(h) = -118*h**2 + 11802*h - 193. Calculate i(100).
7
Let i(w) = -1060*w**2 + 9541*w - 7. Give i(9).
2
Let b(j) = 19*j**2 + 2*j - 3. What is b(-2)?
69
Let v(f) = -9*f**2 - 207*f - 247. Calculate v(-22).
-49
Let p(a) = a**3 + 106*a**2 + 691*a - 3. What is p(-7)?
11
Let u(g) = g**2 + 73*g + 594. Calculate u(-9).
18
Let m(b) = -b**3 - b**2 + 13*b + 6. Calculate m(3).
9
Let g(u) = -2*u**3 - 13*u**2 - 232*u - 1356. What is g(-6)?
0
Let d(u) = -u**3 - 65*u**2 - 188*u - 110. Calculate d(-62).
14
Let m(v) = -3*v**2 + 29*v + 32. Give m(10).
22
Let z(l) = -l**2 + 237*l + 2467. Calculate z(-10).
-3
Let d(k) = -k**3 - 30*k**2 + 4*k - 833. Calculate d(-31).
4
Let i(q) = -15*q + 118. What is i(7)?
13
Let k(r) = r**3 - 36*r**2 + 28*r + 256. Calculate k(35).
11
Let n(u) = -141*u**2 + 93*u - 94. Determine n(1).
-142
Let j(p) = p**3 - 2*p**2 + 2*p - 4. Determine j(1).
-3
Let p(y) = -403*y - 805. Calculate p(-2).
1
Let l(z) = 2*z**3 + 9*z**2 - 8*z - 22. Give l(-5).
-7
Let x(z) = -z**3 - 5*z**2 - 4*z + 5. Calculate x(-2).
1
Let x(p) = 3*p - 524. Give x(179).
13
Let z(y) = -373*y + 5572. Give z(15).
-23
Let u(r) = -136*r + 1510. Determine u(11).
14
Let p(w) = w**3 - 53*w**2 + 22*w + 1524. Calculate p(52).
-36
Let i(d) = d**2 + 14*d + 19. Determine i(0).
19
Let m(u) = -2*u**3 + 6*u**2 + 35*u - 158. Give m(4).
-50
Let t(l) = -6*l**2 + 55*l - 50. Calculate t(8).
6
Let z(t) = -t**3 - 13*t**2 + 53*t - 45. Calculate z(-17).
210
Let w(c) = 2*c**2 - 126*c - 6302. Determine w(96).
34
Let v(f) = -f**3 + 5*f**2 - 91*f + 178. Give v(2).
8
Let n(i) = 8*i**2 + 155*i - 108. Give n(-20).
-8
Let f(b) = 12*b**2 + 2062*b + 4113. Calculate f(-2).
37
Let n(w) = 8*w - 58. Calculate n(0).
-58
Let v(y) = -4*y**2 - 318*y + 1608. Determine v(5).
-82
Let p(v) = 9*v**3 + 83*v**2 - 15. Give p(-9).
147
Let u(q) = 2*q**3 + 20*q**2 - 75*q - 580. Calculate u(-11).
3
Let h(j) = 289*j - 11534. Calculate h(40).
26
Let w(s) = -s**3 + 26*s**2 - 43*s - 591. What is w(23)?
7
Let l(i) = 97*i - 2123. Calculate l(22).
11
Let k(t) = t**2 - 75*t + 1426. Give k(36).
22
Let j(p) = 47*p + 282. Calculate j(-6).
0
Let d(v) = -2*v**2 + 255*v - 6499. What is d(92)?
33
Let o(h) = -190*h + 5. What is o(0)?
5
Let q(i) = 2*i**2 - 55*i - 38. What is q(23)?
-245
Let j(c) = 3771*c - 139530. What is j(37)?
-3
Let f(y) = y**2 - 45*y + 505. Give f(18).
19
Let n(p) = -p**2 + 2*p + 85. What is n(11)?
-14
Let w(o) = o**3 + 15*o**2 + 12*o - 197. Calculate w(-13).
-15
Let p(z) = -28*z + 1124. What is p(39)?
32
Let u(d) = d**3 - 139*d**2 + 527*d + 1749. What is u(135)?
-6
Let j(p) = -22*p + 556. Give j(26).
-16
Let v(s) = 10*s + 83. Determine v(-23).
-147
Let z(v) = 132*v - 1334. What is z(10)?
-14
Let u(t) = -t**2 + 28*t + 199. Give u(-6).
-5
Let y(z) = z**2 - 74*z - 292. Calculate y(79).
103
Let a(h) = 12*h - 523. Give a(44).
5
Let b(r) = -r**3 - 23*r**2 + 25*r - 601. What is b(-25)?
24
Let p(b) = -b**2 - 50*b - 323. Give p(-9).
46
Let p(z) = -6*z**3 - 49*z**2 + 55*z + 30. Determine p(-9).
-60
Let a(w) = 3420*w + 160731. Determine a(-47).
-9
Let j(m) = -m**3 - 132*m**2 - 134*m - 617. Give j(-131).
-224
Let x(i) = -i**2 + 606*i - 53006. Calculate x(106).
-6
Let d(s) = 4*s**2 - 270*s - 670. What is d(70)?
30
Let d(k) = -790*k + 3149. Determine d(4).
-11
Let b(c) = c**2 - 2864*c + 28545. What is b(10)?
5
Let q(u) = 2*u**3 + 154*u**2 - 3*u - 225. Determine q(-77).
6
Let b(l) = l**3 - 6*l**2 - 2*l - 11. Give b(5).
-46
Let m(x) = 238*x + 79735. Calculate m(-335).
5
Let d(k) = 1481*k + 8885. What is d(-6)?
-1
Let l(r) = 3*r**2 - 70*r + 25. Determine l(23).
2
Let w(j) = -5586*j + 21. What is w(0)?
21
Let w(g) = -g**3 + 20*g**2 - 79*g + 60. Give w(15).
0
Let h(i) = -3*i**3 - 6*i**2 + 48*i + 142. What is h(-3)?
25
Let j(s) = 52*s + 600. Calculate j(-9).
132
Let k(w) = -w**3 + w**2 - 214*w - 885. What is k(-4)?
51
Let y(p) = 33*p + 286. Calculate y(-8).
22
Let t(p) = 2*p**3 - 29*p**2 - 240*p + 6. Give t(-6).
-30
Let m(f) = 763*f + 797. What is m(-1)?
34
Let i(s) = s**2 - 59*s + 674. Calculate i(43).
-14
Let v(x) = x**3 + 42*x**2 + 188*x + 148. What is v(-37)?
37
Let n(w) = -182*w - 35474. What is n(-195)?
16
Let m(r) = -r**3 - 18*r**2 - 68*r - 22. Calculate m(-14).
146
Let j(u) = 1621*u - 3295. Give j(2).
-53
Let f(r) = r**2 + 12*r + 28. Determine f(-10).
8
Let u(q) = -94*q - 1220. Calculate u(-13).
2
Let h(b) = 9*b**2 - 50*b + 58. Calculate h(1).
17
Let p(y) = 121*y - 3640. Calculate p(30).
-10
Let w(u) = u**3 + 11*u**2 + 24*u + 32. Determine w(-8).
32
Let d(r) = r**2 - 62*r + 566. Calculate d(54).
134
Let o(z) = -11*z**3 + 12*z**2 + 7*z + 9. Calculate o(3).
-159
Let p(c) = -4*c**2 - 48*c - 48. Calculate p(-1).
-4
Let m(i) = 2*i**2 + 240*i + 428. Determine m(-118).
-44
Let p(j) = -10*j**2 + 9*j + 35. Give p(-5).
-260
Let i(x) = -x**3 + 8*x**2 + 6*x + 9. Calculate i(7).
100
Let b(x) = x**2 + 21*x - 99. Calculate b(0).
-99
Let k(b) = -b**2 + 163*b - 936. Determine k(6).
6
Let d(w) = 685*w + 3434. Calculate d(-5).
9
Let r(t) = -3*t**2 + 130*t - 42. Give r(43).
1
Let b(t) = 21*t + 1169. Give b(-56).
-7
Let o(b) = b**3 - 22*b**2 + 15*b - 10. What is o(21)?
-136
Let o(z) = -23*z - 24. Give o(-1).
-1
Let u(d) = -2*d**3 + 2*d - 62. Calculate u(-4).
58
Let b(x) = 266*x**2 - 110*x + 110. Give b(1).
266
Let r(i) = 1206*i - 4854. Determine r(4).
-